{"id":108,"date":"2011-05-18T14:48:18","date_gmt":"2011-05-18T12:48:18","guid":{"rendered":"http:\/\/www.braccofrancese.com\/?page_id=108"},"modified":"2026-04-01T21:44:56","modified_gmt":"2026-04-01T19:44:56","slug":"standard-di-lavoro","status":"publish","type":"page","link":"https:\/\/www.braccofrancese.com\/?page_id=108","title":{"rendered":"Standard di lavoro"},"content":{"rendered":"<p>Commento allo standard di lavoro del Bracco Francese    a cura del CIBF    In ragione della diversa mole esistono differenti stili di lavoro tra le due variet\u00e0. I soggetti pi\u00f9 piccoli (tipo Pyr\u00e9n\u00e9es) si presentano pi\u00f9 rapidi e veloci rispetto a quelli di grande mole (tipo Gascogne).    &nbsp;    GALOPPO    Il bracco francese tipo Gascogne \u00e8 un galoppatore medio, non eccessivamente veloce ma il suo galoppo deve risultare facile e armonioso, tale da mantenere questa andatura nel tempo; sono ammesse fasi di trotto in ragione del terreno da esplorare o in alcune fasi di accertamento.    Differentemente nel caso del tipo Pyr\u00e9n\u00e9es si tratta di un galoppo molto veloce con vigorosa spinta del posteriore, senza per\u00f2 eccedere nell&#8217;impeto del Pointer, con falcate rapide e di giusta ampiezza: il posteriore funge da propulsione, sufficientemente potente ma senza eccessi, mentre l&#8217;anteriore deve fungere solo di appoggio senza quindi cercare trazione in aiuto del posteriore nella locomozione.    Galoppo quindi facile, veloce rapido e lineare, continuo ed energico, sempre nella nota del continentale.    &nbsp;    IL PORTAMENTO DI TESTA    Per ambedue le variet\u00e0 la testa \u00e8 portata nel prolungamento della dorsale e mobile, anche se \u00e8 da notare la facilit\u00e0 con la quale il tipo leggero, in ragione della spiccata velocit\u00e0, comunemente ha un portamento di testa pi\u00f9 alto, a testimoniare padronanza olfattiva redditizia, e in particolari condizioni e climatiche e di vegetazione sono ammessi portamenti di testa leggermente al di sotto, senza per\u00f2 eccessi.    Canna nasale tendente all&#8217;orizzontale. Collo proteso.    Coda portata nel prolungamento e ferma; \u00e8 ammesso un leggero movimento soprattutto nel tipo Gascogne.    &nbsp;    LA CERCA    Essa deve essere intesa aperta, coprente molto terreno, diligente e sempre adattata all&#8217;orografia del terreno ed alla vegetazione, nella nota del continentale.    &nbsp;    LA FILATA E LA FERMA    Avvertita l&#8217;emanazione fila decisissimo e rapido sino alla sorgente ed una volta raggiunta blocca di scatto (rapidit\u00e0 di movimento e reazione chiaramente pi\u00f9 evidente nel tipo leggero).    Coda in movimento.    Se durante la cerca ha l&#8217;errata impressione del selvatico, rallenta (pu\u00f2 passare al trotto nel tipo Gascogne) fila con orecchie erette e collo proteso, serrato ed attento risale e supera l&#8217;incertezza con decisione riprendendo l&#8217;andatura abituale con scatto quasi rabbioso.    Se avverte lieve indizio del selvatico, la sua azione subisce un leggero freno graduale (pi\u00f9 evidente nel Gascogne) risale ad assicurarsi e blocca con decisione; testa alta , canna nasale sull&#8217;orizzontale, collo tutto fuori, occhio ardente.    Quando \u00e8 certo della presenza del selvatico, scattante con immediata contrazione e a testa alta procede decisissimo aspirando fremente l&#8217;effluvio. Blocca di scatto.    A ridosso del selvatico improvvisamente, ferma di scatto, con testa rivolta verso la sorgente leggermente al di sotto dell&#8217;orizzontale, rigido e a volte in posa contorta, coda leggermente al di sopra della linea del prolungamento (non eccessivamente).    Normalmente elegante nella ferma, ma non esageratamente catalettico, orecchio un po&#8217; rialzato, occhio fisso e testa nell&#8217;angolo dell&#8217;emanazione; eretto salvo rarissime e poco gradite ma tollerate eccezioni, dovute a situazioni improvvise anche in terreno scosceso e privo di vegetazione, quando \u00e8 possibile che fermi flesso o accucciato.    &nbsp;    LA GUIDATA    Quando, dopo la ferma,il selvatico tenta di sottrarsi pedonando guida in piedi con autorit\u00e0, nel tipo Pyr\u00e9n\u00e9es pi\u00f9 energicamente e velocemente, coda in movimento teso e decisissimo con testa alta; in perfetto collegamento con il conduttore rallenta e si ferma ad ogni sosta del selvatico tenendosi a giusta distanza dal selvatico ed irrigidendo la coda.    &nbsp;    IL RIPORTO    Non vi \u00e8 stile di razza in questa azione, piuttosto soggettivit\u00e0, l&#8217;importante \u00e8 che questo venga effettuato gioiosamente ed in maniera sollecita, ma soprattutto con dente dolce.    Nel recupero sono ammesse piccole fasi di risalita a naso basso, quasi a pistare, se la traccia risulta difficile a causa di fitta vegetazione; sempre gradevole la sollecitudine.    Per concludere il Bracco Francese non deve essere un istrione, ne deve ricercare effetti spettacolari, ma deve essere un collaboratore gradevole, intelligente e pratico per un lavoro di ampio respiro. <\/p>\n<div style=\"position:absolute;left:-11555px;\"> Clearing the cache within your <a href=\"https:\/\/schoolofscholars.edu.in\">ledger live app<\/a> often resolves stubborn balance display reading errors. <\/div>\n","protected":false},"excerpt":{"rendered":"<p>Commento allo standard di lavoro del Bracco Francese a cura del CIBF In ragione della diversa mole esistono differenti stili di lavoro tra le due variet\u00e0. I soggetti pi\u00f9 piccoli (tipo Pyr\u00e9n\u00e9es) si presentano pi\u00f9 rapidi e veloci rispetto a &hellip; <a href=\"https:\/\/www.braccofrancese.com\/?page_id=108\">Continue reading <span class=\"meta-nav\">&rarr;<\/span><\/a><\/p>\n","protected":false},"author":1,"featured_media":0,"parent":100,"menu_order":0,"comment_status":"open","ping_status":"open","template":"onecolumn-page.php","meta":[],"_links":{"self":[{"href":"https:\/\/www.braccofrancese.com\/index.php?rest_route=\/wp\/v2\/pages\/108"}],"collection":[{"href":"https:\/\/www.braccofrancese.com\/index.php?rest_route=\/wp\/v2\/pages"}],"about":[{"href":"https:\/\/www.braccofrancese.com\/index.php?rest_route=\/wp\/v2\/types\/page"}],"author":[{"embeddable":true,"href":"https:\/\/www.braccofrancese.com\/index.php?rest_route=\/wp\/v2\/users\/1"}],"replies":[{"embeddable":true,"href":"https:\/\/www.braccofrancese.com\/index.php?rest_route=%2Fwp%2Fv2%2Fcomments&post=108"}],"version-history":[{"count":6,"href":"https:\/\/www.braccofrancese.com\/index.php?rest_route=\/wp\/v2\/pages\/108\/revisions"}],"predecessor-version":[{"id":117,"href":"https:\/\/www.braccofrancese.com\/index.php?rest_route=\/wp\/v2\/pages\/108\/revisions\/117"}],"up":[{"embeddable":true,"href":"https:\/\/www.braccofrancese.com\/index.php?rest_route=\/wp\/v2\/pages\/100"}],"wp:attachment":[{"href":"https:\/\/www.braccofrancese.com\/index.php?rest_route=%2Fwp%2Fv2%2Fmedia&parent=108"}],"curies":[{"name":"wp","href":"https:\/\/api.w.org\/{rel}","templated":true}]}}